1?
110011110100110
In base 2, what is 11101110001110000101101 - 10?
11101110001110000101011
In base 4, what is 331211332 + -3300?
331202032
In base 13, what is 1a6a523 + 1?
1a6a524
In base 3, what is 202221011102 + 2012?
202221020121
In base 5, what is 41123124024 - 4?
41123124020
In base 11, what is 534 - 4389?
-3955
In base 11, what is -385740 - -61?
-38568a
In base 15, what is b + -11ba4ab?
-11ba4a0
In base 8, what is 3703206 + 15?
3703223
In base 8, what is 51 - 12553153?
-12553102
In base 7, what is -102253255 - 11?
-102253266
In base 13, what is -c1ba2b0 + 1?
-c1ba2ac
In base 12, what is -2a - 89930a5?
-8993113
In base 7, what is 604 - -152251?
153155
In base 3, what is -12 - 121001100110112201?
-121001100110112220
In base 6, what is 24355101 - 0?
24355101
In base 11, what is 18 - -3787706?
3787723
In base 7, what is -106041003 - 5?
-106041011
In base 14, what is -40 - -b4216?
b41b6
In base 14, what is -11589424a + 2?
-115894248
In base 15, what is -3bc2b - -1b?
-3bc10
In base 14, what is 0 - -443b70a?
443b70a
In base 10, what is -848090 + 2?
-848088
In base 5, what is -2010314111 + -1?
-2010314112
In base 3, what is 111001022112 + 100?
111001022212
In base 16, what is 0 - 20727e?
-20727e
In base 12, what is 32 - 2579b?
-25769
In base 4, what is -1111110232 + 32?
-1111110200
In base 13, what is 1b5687b + -9?
1b56872
In base 12, what is 0 - 601132b8?
-601132b8
In base 14, what is 1b28 + 1c8?
1d12
In base 11, what is -243a2 + -43a?
-24831
In base 13, what is -107b999 + -6?
-107b9a2
In base 8, what is 25735037 - 1?
25735036
In base 11, what is 1062 - -2033?
3095
In base 3, what is -201002200 - 11120100?
-212200000
In base 9, what is -17 - 84608347?
-84608365
In base 9, what is -144 + -1534670?
-1534824
In base 16, what is -1dfef + 3c3?
-1dc2c
In base 13, what is -26233978 + 0?
-26233978
In base 4, what is 3302312 - -11121?
3320033
In base 4, what is 101223332 - -2031232?
103321230
In base 5, what is -10 + -12134120333?
-12134120343
In base 8, what is 2353376 + 25?
2353423
In base 13, what is 5606c + 3?
56072
In base 3, what is -212 + -21001102010110?
-21001102011022
In base 5, what is -120311 - -20101?
-100210
In base 15, what is 31 + -2d3e6?
-2d3b5
In base 2, what is 1000101110111100001110000 + 100?
1000101110111100001110100
In base 15, what is -6 - -24ccb6?
24ccb0
In base 14, what is -6628 + -9502?
-11b2a
In base 2, what is -1100110010101001010100 - -1000000?
-1100110010101000010100
In base 13, what is 0 + -b211b0?
-b211b0
In base 4, what is -11112301032312 - 10?
-11112301032322
In base 11, what is 109111 + a0?
109201
In base 16, what is 5936c0 - 7?
5936b9
In base 10, what is -64 + 224810?
224746
In base 7, what is -103040035 + 5?
-103040030
In base 10, what is -1383 - 195457?
-196840
In base 3, what is 10112112010 + -10211122?
10101200111
In base 11, what is 12143243 - -5?
12143248
In base 13, what is -13 + -16229a?
-1622b0
In base 10, what is 32409379 + 11?
32409390
In base 3, what is -11 - 20122210020020?
-20122210020101
In base 11, what is -922 + 642?
-290
In base 6, what is -2203 + 20152121?
20145514
In base 5, what is 0 - 42012?
-42012
In base 3, what is -1101020221111021 - -1?
-1101020221111020
In base 7, what is -3050 - 4504504?
-4510554
In base 8, what is -13 + 11265026?
11265013
In base 10, what is -2437922 - 0?
-2437922
In base 4, what is -122232122010 - -2?
-122232122002
In base 14, what is -73 + -7192?
-7225
In base 16, what is 3 + abd36d?
abd370
In base 6, what is -1554332 - -235?
-1554053
In base 10, what is 41 - 261854?
-261813
In base 13, what is -2491172 - 4?
-2491176
In base 5, what is 0 - -1144423144?
1144423144
In base 4, what is 31102202 + -33?
31102103
In base 7, what is 326350220 + 3?
326350223
In base 7, what is -31 + 533025?
532664
In base 2, what is -111010110000000001100 + 100111?
-111010101111111100101
In base 7, what is -55 - -1501626?
1501541
In base 12, what is -6335 - 29255?
-3358a
In base 7, what is -201 - 20565550?
-20566051
In base 5, what is -31432 + 4310221?
4223234
In base 10, what is 259005 - -582?
259587
In base 8, what is -4 + 50622042?
50622036
In base 3, what is -20120110021 - 2121?
-20120112212
In base 16, what is 54 - -10e24c?
10e2a0
In base 5, what is 140 + -433134200?
-433134010
In base 8, what is -150573142 - 0?
-150573142
In base 2, what is 110111111010111111100001011 - -11?
110111111010111111100001110
In base 6, what is 204145 + 1345?
205534
In base 10, what is -362 - -1694?
1332
In base 8, what is 355 + -153530?
-153153
In base 7, what is -162 + 130410132?
130406640
In base 16, what is 7e4bde + -5?
7e4bd9
In base 11, what is 5 + 2808a42?
2808a47
In base 8, what is 2623 + -14224?
-11401
In base 2, what is -10000010100010011 + -100111111111?
-10000111100010010
In base 3, what is 22011211110 - 21021?
22011120012
In base 7, what is -26664 - -16344?
-10320
In base 12, what is -1405998 - 4?
-14059a0
In base 11, what is 2 + -9a20524?
-9a20522
In base 16, what is 11 + -a4313?
-a4302
In base 14, what is -10a8a68 - -1?
-10a8a67
In base 2, what is 10 - -100001010111011110000001?
100001010111011110000011
In base 14, what is 44c928 - -130?
44ca58
In base 14, what is -21c - 4408?
-4626
In base 15, what is 1b157 - 10?
1b147
In base 2, what is 10010111110 - 11001001010010?
-10110110010100
In base 8, what is 514316650 + 0?
514316650
In base 7, what is -104 + 221265403?
221265266
In base 7, what is -136 + 5443400?
5443231
In base 16, what is 6a7 + -915?
-26e
In base 6, what is 2 + 23114222453?
23114222455
In base 3, what is -21211 + 120001122?
112202211
In base 11, what is 55 - -54a21?
54a76
In base 9, what is 8804 + 1358?
11263
In base 11, what is -399 - 120a?
-15a8
In base 12, what is -1305752 + -17?
-1305769
In base 14, what is 5 + -b93b8c4?
-b93b8bd
In base 13, what is -5743 + 275?
-549b
In base 13, what is -5308 + 2b17?
-24c1
In base 16, what is -2 - -9ea85a?
9ea858
In base 3, what is -1111021102 - -200121?
-1110120211
In base 10, what is -57 + -76363?
-76420
In base 11, what is 73a + -a55?
-316
In base 2, what is -1111010111010010 - 100111000?
-1111011100001010
In base 2, what is 11000010010111111000 - 10010010001?
11000010000101100111
In base 13, what is 6 - 169c8?
-169c2
In base 7, what is 620563 + -224?
620336
In base 2, what is 1101011000100010110100001 - 0?
1101011000100010110100001
In base 9, what is 456 + -2500?
-2033
In base 14, what is 0 - 1010c4?
-1010c4
In base 4, what is 322 - 3100222333?
-3100222011
In base 15, what is 5923 - -c6?
59e9
In base 14, what is 35437b + -2?
354379
In base 7, what is 11 - 5556315?
-5556304
In base 7, what is 60631250 + 6?
60631256
In base 10, what is 1 + 607704?
607705
In base 10, what is 5623162 + 98?
5623260
In base 4, what is -13 + 12011003001212?
12011003001133
In base 6, what is -131 + 22005001?
22004430
In base 11, what is 0 + 678393?
678393
In base 10, what is 4 + -44699173?
-44699169
In base 13, what is -3b36 - 519?
-4352
In base 6, what is -30 + -1420042?
-1420112
In base 16, what is 1 + -223e0e?
-223e0d
In base 13, what is -8893 + -18811?
-243a4
In base 6, what is -5 + 150205243?
150205234
In base 4, what is 100310 - 10103310?
-10003000
In base 5, what is -341032013 - -3?
-341032010
In base 5, what is -201220122240 - -3?
-201220122232
In base 7, what is 23361 + 25645?
52336
In base 10, what is 3401 - 25536?
-22135
In base 5, what is -2 + -402020111000?
-402020111002
In base 15, what is 1c7eb2a - -2?
1c7eb2c
In base 3, what is 22101212 - 22202?
22002010
In base 13, what is 162612 + -241?
1623a1
In base 10, what is 4 - 1804055?
-1804051
In base 8, what is 7776 - -102025?
112023
In base 9, what is -1768510 - -14?
-1768485
In base 16, what is -1b073 - 170?
-1b1e3
In base 7, what is -1264133 + 404?
-1263426
In base 8, what is 11406 + 1442?
13050
In base 15, what is -e37bd4 + -1?
-e37bd5
In base 2, what is 0 - 11100010111011110000010111?
-11100010111011110000010111
In base 5, what is -431 - 1043022?
-1044003
In base 14, what is 491b466 - -2?
491b468
In base 14, what is -ba704 - 11?
-ba715
In base 14, what is 18 - 2b8524?
-2b850a
In base 2, what is -100 - 11011110001010001111110?
-11011110001010010000010
In base 5, what is 12033011301 - -2?
12033011303
In base 12, what is a34 - -1a821?
1b655
In base 13, what is -3 + -8c1c59?
-8c1c5c
In base 6, what is 